he units digit of p?
9
Let g(h) be the first derivative of h**6/120 + 7*h**5/60 + 3*h**3/2 - h**2/2 + 8. Let i(a) be the second derivative of g(a). What is the units digit of i(-7)?
9
What is the hundreds digit of (-2 - (-5064)/(-40))*-20?
5
What is the hundreds digit of 1061*(-1)/((-6)/(1 + 5))?
0
Let h(d) = -d. Let y(o) = -o - 17. Let s be y(-15). Let q be h(s). What is the units digit of 69/q - 2/4?
4
Let d be (0 + 1)*0*1/(-2). Suppose 3*j + b - 760 = 0, d*j + 2*b = -3*j + 758. What is the tens digit of j?
5
Let s(a) = -a**2 - 8*a + 12. Suppose 0 = c - 5 + 14. Let l be s(c). Suppose l*y - 1 = 26. What is the units digit of y?
9
Let f = 42 + -42. Suppose -3*p + 28 + 254 = f. What is the units digit of p?
4
Let q(b) = -b**2 + 50*b - 112. What is the hundreds digit of q(21)?
4
Let l(x) = -x**3 + 3*x**2 + 10*x + 10. Let s be l(5). Suppose 11*i - 133 = s*i. What is the hundreds digit of i?
1
Let n(k) = k**2 + 2*k + 10. Let a(f) = -5*f**2 - 27 + 3 - 10*f - 27. Let h(o) = 2*a(o) + 11*n(o). What is the tens digit of h(5)?
4
Suppose -13*i + 25893 - 387 = 0. What is the units digit of i?
2
Let j(b) = 5*b + 6. Let i be j(-3). Let p = i - -35. Suppose -2*w + f = 5*f - p, 4*f = 2*w + 6. What is the units digit of w?
5
Let c(v) = v**2 + 5*v + 7. What is the units digit of c(4)?
3
Let n(o) = o**2 - 5*o - 24. Let v be n(8). Let r = -39 + 70. Let l = r + v. What is the tens digit of l?
3
Let b be -4 + 0/(-3 - 1). Let d be (-4 + -26)*6/b. Suppose -4*k = -d - 127. What is the units digit of k?
3
Suppose -3*s - 16 = 2*s + 4*z, 5*s - 2*z - 8 = 0. Suppose d = -s*d + 19. Let l = d + 0. What is the tens digit of l?
1
Let o(l) = 2*l**2 - 16*l - 154. What is the hundreds digit of o(29)?
0
Let v(p) = -7*p - 1. Let w be v(2). Let k be (-2)/(1*3/(-57)). Let m = k + w. What is the units digit of m?
3
Suppose 0 = t - 15 - 2. Suppose -5 = -g, v + g - 14 = -3*g. Let u = v + t. What is the units digit of u?
1
Let p(f) = 33*f**2 - f + 1. Let z be p(-1). Suppose 0 = -z*y + 37*y - 52. Suppose 5*r - 4*o - 254 = 0, 0 = -r - o + 32 + y. What is the tens digit of r?
5
Let l = -37 + 44. Suppose l*y = 3*y + 252. What is the units digit of y?
3
Let k = 35 - 26. Suppose -1230 = -q - k*q. What is the units digit of q?
3
Let t be (-107)/(-1) + -9 + 11. Suppose -110 = -5*s + 5*z, 3*z + t = 4*s + 22. What is the units digit of s/(-63) + 4/3?
1
Suppose 246*n = 255*n - 12303. What is the units digit of n?
7
Let f = -581 + 5. What is the units digit of -2*1/6 + f/(-27)?
1
Let v(m) = 11*m**3 + 2*m**2 + m - 1. Let h be v(3). Suppose -4*b + b - u = -h, -2*b = 4*u - 208. Suppose 6*f = 26 + b. What is the tens digit of f?
2
Let v = 65 + -65. What is the units digit of (v + 62)/(10/5)?
1
Let w = 1554 - 747. What is the hundreds digit of w?
8
Suppose 15*j - 6*b = 10*j + 9127, -5*j + 9136 = -3*b. What is the thousands digit of j?
1
Suppose -137 = 5*h - 2*i - 20, 5*i - 30 = 2*h. What is the units digit of (-5)/h - (-1636)/20?
2
Suppose -2*l - 7 = -33. Let z = l - 11. Suppose -z = m, d = 2*d + 2*m - 13. What is the units digit of d?
7
Let f = -646 + 1321. What is the units digit of f?
5
Let o(p) = 0 - 8 - 10 - 7*p + 13. Suppose -4*a + 0*a + 20 = -4*j, -2*a = -4*j - 18. What is the tens digit of o(j)?
2
Let k = 1882 + -772. What is the units digit of k?
0
Suppose 2*z = -5*g + 22534, -5*g + 20*z - 17*z = -22549. What is the thousands digit of g?
4
What is the tens digit of (-8847)/45*(-2 + -3)?
8
Suppose 66 = t - 52. Let l = t - -92. What is the hundreds digit of l?
2
Suppose -5*w - 4*y = 20, 5*w - 25 = 7*y - 2*y. Suppose -4*p + 308 = 4*l - w*p, p - 229 = -3*l. What is the units digit of l?
6
Let u = -56 + 61. What is the tens digit of (-222)/4*(-3 - (u + -6))?
1
Suppose -5*f = -f - 32. Let z be f*(1 + -3)/(-4). Suppose z*d - 2*u + 4*u = 122, 0 = 3*d + 4*u - 99. What is the units digit of d?
9
Let q(w) = 3*w - 10. Let l be q(4). Suppose -k - 66 = -4*p + k, -2*p + l*k + 34 = 0. What is the units digit of p?
6
Let a(t) = -13*t**2 + 72*t - 37. Let y(w) = -3*w**2 + 18*w - 9. Let i(c) = -2*a(c) + 9*y(c). What is the tens digit of i(9)?
7
Suppose -5*t + 120 = 5*f, 3*t + 2*f = -2*t + 120. Suppose -v - x + t = 0, 4*v = -v + x + 114. What is the units digit of v?
3
Suppose 3*r - 28 - 20 = 0. Let i be 128/r + 0 + -1. Suppose 0 = i*w - 10*w + 21. What is the units digit of w?
7
Let j be -1 + 1 + 8182 - -2. What is the tens digit of (4/(-14))/(-1) - j/(-217)?
3
Suppose 10 = 9*w - 7*w. Suppose w*k = -10, u = 3*k - 7*k - 11. What is the units digit of ((-1)/u)/((-4)/(-48))?
4
Suppose -6*s + 3206 = 8*s. What is the tens digit of s?
2
Suppose -3*r = 7*r - 270. Suppose r*d - 212 = 25*d. What is the units digit of d?
6
Let x = 2271 - 435. What is the tens digit of x?
3
Let y = 278 + -252. Suppose -4*o = k + k - 2, 0 = -5*k + 5*o + 20. Suppose -k*w + 22 = -y. What is the tens digit of w?
1
Let f(j) = -29*j - 8. Suppose -w + 10 = -3*z, 2*z + 16 = -6*w + 2*w. What is the tens digit of f(z)?
0
Let z be ((-2)/(-1))/((-2)/7). Suppose -348 = -5*l - 7*l. Let o = z + l. What is the tens digit of o?
2
Suppose b - 2*b + 7 = 0. Suppose 3*c = 3*o - 318, -7*o + 3*o = -2*c - 420. Suppose -b*s = -3*s - o. What is the units digit of s?
6
Let i(u) = u**3 - 2*u**2 - 2*u + 3. Let s be i(3). Suppose -s*o = -87 - 327. What is the tens digit of o?
6
Let d = 8265 - 5341. Suppose 17*f - 476 = d. What is the tens digit of f?
0
Let c(o) = 3*o + 367. What is the units digit of c(0)?
7
Let v be 2/2*0 + 2. What is the units digit of ((-97)/(-2) - v)*(-2)/(-3)?
1
Suppose 0 = 5*k - 4*k - 4. Suppose -252 = -k*s - 0*s. What is the units digit of s?
3
Suppose -2*u + 63 = -i, -3*u + 86 - 9 = 2*i. Suppose 3*z - b + 6 = u, 3*b + 20 = 2*z. What is the units digit of z?
7
Let r = 15 - -14. Let j = 48 - r. What is the units digit of j?
9
Suppose 0 = -x + 43 - 40. Let t = 9 + -5. What is the tens digit of t/x - (-203)/3?
6
Let f(u) = 9*u + 2. Let y be f(-1). Let w = -1 - y. Let d(l) = 8*l - 15. What is the tens digit of d(w)?
3
Let o(l) = l**3 + 11*l**2 + 11*l - 13. Let h be o(-9). Let a = -34 + h. What is the units digit of (-208)/(-6) - a/24?
4
Let m be 4/10 + 47/(-5). Let x be (2/(-1) + 114/(-24))*-4. Let d = x + m. What is the tens digit of d?
1
Let d(u) = -u**3 + 28*u**2 + 14*u - 206. What is the thousands digit of d(12)?
2
Let o(p) be the third derivative of -p**7/5040 - 7*p**6/720 - 3*p**5/20 - 3*p**2. Let k(j) be the third derivative of o(j). What is the units digit of k(-15)?
8
Let w(a) = a**2 + 8*a + 13. Let t be w(-6). Let j be (2 - 1)*0/t. Suppose -3*z = 2*q + 6 + 1, -5*q - 4*z = j. What is the units digit of q?
4
Let t be ((-4)/6)/(8/(-84)). What is the tens digit of (t - 437)*(1/(-2))/1?
1
Suppose -4*h = -11*h + 350. What is the units digit of h?
0
Let z(j) = -3*j - 4 - 4*j - 11*j**3 - 4*j**2 + 12*j**3. Suppose 5*q = -2 + 32. What is the units digit of z(q)?
6
Suppose 4*u + 24 - 16 = 0. Let a(r) = 1 - 18*r - 7*r - 3. What is the units digit of a(u)?
8
Let l(s) = -s**3 + s + 24. Let n(c) = c**2 + 12*c - 11. Let h be n(-13). Suppose o = -h*o. What is the tens digit of l(o)?
2
Suppose 68*a = 69*a - 130. What is the units digit of a?
0
Let d = 272 - 100. Suppose 37*a = 33*a + d. What is the units digit of a?
3
Let z(r) = 5*r**2 - 2*r. Let m = 21 + -2. Let h = m + -16. What is the tens digit of z(h)?
3
Let b(j) = 3*j**3 + j**2 + 3*j + 4. Let l be b(-2). Let v = 23 + l. What is the tens digit of 2 + 2/v + 62?
6
What is the units digit of ((-6)/(-12))/((-4)/(-56))*71?
7
Let j be 3/6 + 57/6. Let q be 40/16*8/j. Suppose -4*i = -q*c + 92, -4*i + 88 = 4*c - c. What is the tens digit of c?
3
Suppose -k + 1192 = -5*o, 5*k - 7*o - 5960 = -8*o. What is the tens digit of k?
9
Let b(m) = -30*m**3 + m + 1. Let w be b(-1). Suppose -4*l - 55 = -335. Let z = l - w. What is the units digit of z?
0
Let l(c) = -19*c - 1 + 4 - 2. What is the tens digit of l(-14)?
6
Let l(i) = -i**3 - 3*i**2 + 3. Let n = -24 - -36. Suppose 0*x = 3*x + n. What is the units digit of l(x)?
9
Let q = -85 + 51. What is the units digit of 298/6 - q/(-51)?
9
Let v = 291 - -28. What is the hundreds digit of v?
3
Let n be 645/10 + 4/(-8). Let a = n + 86. What is the units digit of a?
0
Suppose 6 = x + 3. Suppose p + z = 4*p - 113, 0 = x*z + 6. Let n = p + -18. What is the tens digit of n?
1
Let